 + -4287. Suppose 1246 = 10*c - g. What is the tens digit of c?
2
Let b = 1919 + -2771. Let m = b + 2286. What is the tens digit of m?
3
Let j(m) = 128*m**2 + 745*m + 36. What is the tens digit of j(16)?
2
Let l(y) = 9572*y + 959. What is the ten thousands digit of l(4)?
3
Let z(r) be the second derivative of -r**5/20 + 7*r**4/6 - 7*r**3/6 - 37*r**2/2 + 25*r - 1. What is the hundreds digit of z(11)?
2
Let a(y) = -y**3 - 11*y**2 - 20*y - 8. Let b be a(-9). Suppose -4 = -11*i + b*i. Suppose i*q = -q + 235. What is the units digit of q?
7
Let z be 0 + (-12)/2 + 11. Suppose -z*a + c = -924, -6*a - 5*c + 164 = -5*a. What is the units digit of a?
4
Suppose -3824998 = -180*v - 35*v + 3922312. What is the tens digit of v?
3
Let v = -836 + 1407. Suppose -2*l + m = -0*m - v, -4*m = 3*l - 840. What is the units digit of l?
4
Suppose 2*t - 5*p = -2*t + 386, -102 = -t + 4*p. Let h = 253 + t. What is the tens digit of h?
4
Let k be (-1)/(12/(-140))*3. Suppose 4*c - k = -c. What is the units digit of c?
7
What is the tens digit of (3/(-36))/(7/(-105)) + (-892375)/(-20)?
2
Suppose -6 + 0 = -3*d. Let v be 48/(-9)*(-1)/d*87. Suppose 4*a + v = 8*a. What is the tens digit of a?
5
Let x(w) = -82*w + 4. Let l be x(-17). Suppose -4*h + l = 5*u, h = 9*u - 4*u + 362. What is the hundreds digit of h?
3
Suppose 4*o = -t + 8736, 51*t + 8771 = 52*t - 3*o. Suppose -7*q = 4*q - t. What is the units digit of q?
6
Let d(a) = 16*a**2 - 21*a + 88. Let f(b) = -2*b**3 - 6*b**2 - 7*b. Let k be f(-2). What is the tens digit of d(k)?
3
Let j(h) = h**3 + 14*h**2 + 23*h + 34. Let c be j(-9). Let x = 805 - c. What is the tens digit of x?
7
Let i = 6 - -28. Suppose -2*d = 4*c - i, 0*d - 58 = -3*d + c. Suppose -d = -0*r - r. What is the units digit of r?
9
Let f(n) = 349*n + 1773. What is the units digit of f(26)?
7
Suppose -3*x = -147 - 204. Suppose -2*k - 12 = 0, 2*y + 2*k - 126 - 26 = 0. Let l = x - y. What is the tens digit of l?
3
What is the tens digit of (7/28)/(-1) - -547*(-309)/(-12)?
8
Suppose -2*f + 4 = w - 2, -3*w + f = -4. Suppose -2*p = w*p - 8. Suppose -g = -5*m + 651, -p*m = g - 0*g - 266. What is the hundreds digit of m?
1
Let k(z) = -z**3 - 31*z**2 + 21*z + 2. Suppose -33*a + 30*a = 96. What is the units digit of k(a)?
4
Suppose -59*u - 26247 = -3*z - 64*u, 3*z - 26223 = 3*u. What is the thousands digit of z?
8
Let l(m) = -112*m + 1. Let d be l(1). Let x be 1*-1 - 1/((-4)/768). Let i = d + x. What is the tens digit of i?
8
Suppose 30 = 63*d - 68*d. Let t(j) = 10*j**2 + 46*j + 9. What is the units digit of t(d)?
3
Let b = -47 - -49. Suppose -u + 15 = 5*m + b*u, -5*m = -3*u + 15. Suppose m = -20*p + 15*p + 365. What is the units digit of p?
3
Let g(d) = 23*d**3 - 6*d**2 - 6*d - 11. Let h be g(-4). Let b = -1007 - h. What is the hundreds digit of b?
5
Let f = 89999 - 64194. What is the units digit of f?
5
Let x = -35 + -977. Let l = -509 - x. What is the hundreds digit of l?
5
Let f = 3893 + -1313. Suppose -58*c + 61*c = f. What is the hundreds digit of c?
8
What is the units digit of 43*(3 + 3 + 77)?
9
Let a(b) = -28*b + 477. Let p be a(18). What is the tens digit of 16506/p*(-3)/2?
1
Let m be 372 - 4 - (-25)/5. Suppose -m*s + 125 = -372*s. What is the hundreds digit of s?
1
Let r(u) = 6*u**3 - 16*u**2 - 43*u + 91. What is the ten thousands digit of r(16)?
1
What is the hundreds digit of (-1)/((-20)/(-44355))*92/(-69)?
9
Suppose 3*s - 2011 = -j, 9*s - 5*s + 2*j - 2682 = 0. What is the thousands digit of (-2 + 6 + -4 + 2)*s?
1
Let g(o) = -115*o**2 + 8*o + 8. Let v(u) = u**2 - u - 1. Let p(t) = -g(t) - 3*v(t). Let q be p(-2). Let h = q - 277. What is the units digit of h?
6
Suppose v - 3405 = -1293. Suppose 0 = v*s - 2110*s - 1894. What is the tens digit of s?
4
Suppose 24 = 3*u - 5*a + 2*a, -4*u = a - 17. Suppose 511 + 69 = u*d. What is the units digit of d?
6
Let u be ((-1 - -3) + -3)*-5. Let z(w) be the third derivative of w**6/120 - w**5/60 + 5*w**3/3 - 2*w**2. What is the hundreds digit of z(u)?
1
Suppose 0 = -5*z - 19*z + 7*z + 406521. What is the units digit of z?
3
Suppose 146851 + 32309 = 12*h. What is the thousands digit of h?
4
Let a(q) = 5242*q**2 + 63*q + 131. What is the units digit of a(-2)?
3
Let i(h) = -h**3 + 3*h**2 + 2*h - 8. Let u be i(4). What is the tens digit of u/(-56) + (-3664)/(-14)?
6
Let k(g) = -g**3 + 12*g**2 + 8*g - 83. Let p be k(12). Let h(u) = 10 + 4*u - 1 + 7. What is the units digit of h(p)?
8
Let p = -389 + 394. Suppose -4*h = p*j - 2213, 2*j - 2791 = -5*h + 4*j. What is the hundreds digit of h?
5
Suppose 0 = -5*v + 5*j + 35190, 109*j - 114*j - 25 = 0. What is the units digit of v?
3
Let w(s) = 2446*s + 578. What is the tens digit of w(4)?
6
Suppose -14 = -16*o + 2*o. What is the hundreds digit of 3*-1707*o/(-9)?
5
Let g(d) = 2*d + 10. Suppose 0 - 16 = z + 2*o, 5*o + 52 = -4*z. Let i be g(z). What is the units digit of (-2)/i + 3*(-788)/(-36)?
6
Let h(w) = -1 - 4*w - 2 + 0*w + 3*w. Let i be h(-5). Suppose 4*j - 10 = i*k, -4*k + 5 - 19 = -2*j. What is the units digit of j?
1
What is the hundreds digit of (-14)/(-4) + 16282404/856?
0
What is the units digit of 58376/12 + ((-46)/(-102) - 26/221)?
5
Let x(l) = 284*l + 7765. What is the ten thousands digit of x(64)?
2
Let l(a) = -a**2 - 5*a + 238. Let i be l(13). Suppose k - t = 325, -i*k - 4*t - 837 + 2129 = 0. What is the hundreds digit of k?
3
Suppose 3*m + 2*a - 19883 = 0, -5*m + 33140 = a + 2*a. Suppose -2*s - 1 = -3*s, -5*v = s - m. What is the tens digit of (5/(-10))/(((-3)/v)/1)?
2
Let l = 32 - 29. Suppose a + 0*a = l*w - 677, 4*a = -8. What is the tens digit of w?
2
Let x(p) = 7*p**3 + 16*p**2 - 4*p - 18. Let z(q) = -3*q**3 - 8*q**2 + 2*q + 9. Let k(o) = 2*x(o) + 5*z(o). Let b = -592 - -583. What is the units digit of k(b)?
2
Let w(y) = 56*y**2 + 2*y. Let g(l) = 57*l + 13. Let d be g(2). Let o = d + -129. What is the tens digit of w(o)?
2
What is the tens digit of 1/(-3*(-7)/80031 - 0)?
1
Suppose u = -5*a - 0*u - 25, 3*u - 1 = 4*a. What is the tens digit of ((-5748)/(-48) + 5)/((-1)/a)?
9
Let g(q) = -q**3 - 4*q**2 + 2*q + 7. Let x be g(-5). What is the units digit of (-2)/x*-11 + (237 - 0)?
8
Suppose 0 = 27*k - k - 477360. Suppose 14*u - k = -4*u. What is the hundreds digit of u?
0
Let x(f) = 310*f + 6. Let i be x(6). What is the hundreds digit of i/4 + (-6)/12?
4
Let b = 5869 - 8798. Let s = -1676 - b. What is the hundreds digit of s?
2
Let c = 132465 + -86989. What is the units digit of c?
6
Let x = -9791 + 27839. What is the thousands digit of x?
8
Let s be (-1)/(22/(-10) + 2). Let r be s*(4 - 3) + -1. What is the units digit of (-2*1)/(r/(-46))?
3
Let s(l) = -32*l - 6. Let g(k) = 5*k + 54. Let q be g(-13). What is the tens digit of s(q)?
4
Let d(r) = 2725*r**2 - 1250*r - 9. What is the tens digit of d(-5)?
6
Suppose -68*u - 51170 = -102*u. What is the thousands digit of u?
1
Suppose -3*r - 31*w + 64806 = -28*w, -11*w - 33 = 0. What is the thousands digit of r?
1
Suppose 2*u + 33 = -47. Let v = u + 43. Suppose -l + v*y + y + 49 = 0, -y - 207 = -5*l. What is the tens digit of l?
4
Suppose 266 = 4*r - 3374. Let d = r + -316. What is the tens digit of d?
9
Let k = -23300 - -40175. What is the units digit of k?
5
Let m(c) = 7*c + 40. Let i(a) = 3*a - 5 - 7*a + 0 + 39. Let u be i(7). What is the units digit of m(u)?
2
Suppose 9*a + 455*n = 459*n + 322052, 2*n = 4*a - 143136. What is the ten thousands digit of a?
3
Let g(z) = z**3 + 13*z**2 - 3*z + 7. Let f(i) = -37*i + 4. Let k be f(-2). Suppose 5*p + k = -p. What is the units digit of g(p)?
6
Let n be ((-12)/14)/(201/42 - 5). Suppose n*m = 4*s - 2*s - 2, -m + 3*s = -2. What is the tens digit of 0 + 145 + (-5 - m)?
4
Suppose -2*o + 11 = k, -4*o + o + 17 = 2*k. Suppose 5*g + c = 2*g + 1444, 0 = -o*g - c + 2406. What is the units digit of g?
1
Let v(p) = 2*p**3 - 24*p**2 - 15. Let k be v(12). What is the units digit of (k - -9 - (-1 + -1)) + 852?
8
Let v be 1 + ((-99)/(-9) - 8). Suppose -v*t = s - 3005, 6*t + 3017 = 10*t - 3*s. What is the tens digit of t?
5
Let v(m) = m**2 - 17*m + 77. Let p be v(7). Suppose -p*f + 1472 = -782. What is the tens digit of f?
2
Let s = -526 - -1133. Let x = s + -391. Suppose 0 = -0*t + 4*t - x. What is the tens digit of t?
5
Suppose -3*i = 6, 4*z - 4210 = 13*i - 16*i. Suppose -3*x - z = -4*a, a = x + 1